 2) to base 8
324
What is 44632 (base 7) in base 12?
6651
Convert -1001111111110 (base 2) to base 7.
-20631
What is -433 (base 6) in base 12?
-119
274 (base 8) to base 5
1223
-263503 (base 7) to base 11
-34046
-1111 (base 3) to base 4
-220
Convert 75116 (base 9) to base 15.
eab3
Convert -11001100001 (base 2) to base 5.
-23013
5876 (base 11) to base 8
17032
Convert -43010 (base 6) to base 16.
-16ce
Convert 407d (base 15) to base 7.
54463
33313 (base 7) to base 11
6337
Convert -1008 (base 15) to base 7.
-12602
114010 (base 5) to base 16
109f
What is -238 (base 14) in base 15?
-1e7
Convert -220210211 (base 3) to base 15.
-555a
Convert -1bb (base 15) to base 4.
-12101
Convert 30a (base 13) to base 12.
371
100101110000 (base 2) to base 11
18a7
-106 (base 12) to base 16
-96
1212011 (base 3) to base 11
1021
What is 19959 (base 10) in base 16?
4df7
What is -25 (base 9) in base 14?
-19
Convert -28e (base 15) to base 7.
-1463
Convert 1143 (base 7) to base 12.
2b3
What is -1232103 (base 4) in base 13?
-32a0
Convert 1413 (base 6) to base 7.
1035
What is -a40 (base 13) in base 10?
-1742
Convert -301 (base 6) to base 5.
-414
215 (base 14) to base 2
110011011
3a0 (base 16) to base 4
32200
What is 755 (base 9) in base 6?
2505
10000101000 (base 2) to base 6
4532
What is -2234 (base 10) in base 6?
-14202
What is -372 (base 16) in base 8?
-1562
What is -3562 (base 7) in base 13?
-7a5
What is -1111011000001 (base 2) in base 5?
-222443
2234 (base 7) to base 2
1100101001
What is -229 (base 14) in base 5?
-3204
What is 947 (base 11) in base 7?
3216
Convert -267 (base 8) to base 6.
-503
What is 53124 (base 6) in base 12?
41a4
What is -27432 (base 11) in base 13?
-14a61
Convert -113224 (base 6) to base 13.
-4606
Convert 174 (base 14) to base 12.
20a
46 (base 11) to base 15
35
What is 3404 (base 5) in base 2?
111011111
-70 (base 15) to base 6
-253
Convert -1464 (base 15) to base 5.
-114434
Convert -b95 (base 12) to base 8.
-3241
Convert -43 (base 16) to base 6.
-151
What is -aa9b (base 14) in base 4?
-13031201
5371 (base 8) to base 16
af9
Convert -47b3 (base 12) to base 14.
-2d15
What is -395 (base 16) in base 4?
-32111
-220220021 (base 3) to base 14
-6887
What is 500 (base 10) in base 11?
415
What is 106 (base 16) in base 4?
10012
120021212 (base 3) to base 2
10101110001011
What is -12011220 (base 3) in base 9?
-5156
Convert -1101100101110 (base 2) to base 8.
-15456
-174 (base 12) to base 8
-350
What is 11137 (base 10) in base 15?
3477
Convert -4224201 (base 5) to base 2.
-10001001110010111
Convert -822 (base 9) to base 5.
-10133
Convert -11001001001 (base 2) to base 8.
-3111
Convert 20414 (base 6) to base 10.
2746
-255500 (base 6) to base 2
-101101011111100
What is 10110001100 (base 2) in base 4?
112030
Convert -950 (base 14) to base 3.
-2111221
Convert 44541 (base 7) to base 10.
11250
Convert 612c (base 16) to base 4.
12010230
-5645 (base 9) to base 16
-104c
What is -2123 (base 4) in base 6?
-415
-1001001 (base 2) to base 4
-1021
77112 (base 10) to base 2
10010110100111000
Convert -3604 (base 9) to base 5.
-41202
What is 1001011011110 (base 2) in base 5?
123310
677a (base 11) to base 4
2023120
-3570 (base 8) to base 15
-877
-f3 (base 16) to base 8
-363
240000 (base 6) to base 13
9591
Convert -8898 (base 16) to base 12.
-182a0
What is 22851 (base 9) in base 11?
10526
10071 (base 8) to base 4
1000321
What is -2331 (base 15) in base 12?
-43a7
-4466 (base 7) to base 4
-121100
14354 (base 8) to base 4
1203230
What is 9132 (base 16) in base 12?
19616
What is -222314 (base 6) in base 9?
-27571
What is -8da (base 14) in base 2?
-11011100000
What is -5361 (base 7) in base 2?
-11101110001
What is 422330 (base 5) in base 11?
a64a
75 (base 12) to base 3
10022
12171 (base 8) to base 6
40133
-11606 (base 13) to base 7
-161435
Convert 1ec (base 15) to base 2.
110111111
-1b1 (base 14) to base 5
-2401
What is -442 (base 9) in base 4?
-11222
12020021 (base 3) to base 16
ee6
-1819 (base 13) to base 7
-13261
What is -1301 (base 5) in base 2?
-11001001
Convert -2633 (base 10) to base 3.
-10121112
Convert 5001 (base 15) to base 13.
78b2
What is -1689 (base 15) in base 8?
-11366
235424 (base 6) to base 15
61da
What is -1b7 (base 15) in base 11?
-331
Convert -138 (base 9) to base 16.
-74
What is -7652 (base 8) in base 5?
-112020
Convert 36f9 (base 16) to base 15.
4283
11016 (base 9) to base 12
4289
Convert 45324 (base 6) to base 2.
1100011110100
What is 101 (base 11) in base 8?
172
What is 2b60 (base 15) in base 9?
13700
Convert 6676 (base 10) to base 4.
1220110
Convert 8773 (base 9) to base 16.
1941
-272b (base 13) to base 3
-21200221
-1000111 (base 2) to base 10
-71
Convert -2317 (base 10) to base 16.
-90d
What is -1301 (base 7) in base 2?
-111101011
Convert -2442 (base 10) to base 12.
-14b6
What is 1520 (base 9) in base 10?
1152
-105451 (base 7) to base 13
-86c8
Convert -102111223 (base 4) to base 10.
-75115
What is -552 (base 13) in base 11?
-75a
What is 101001101 (base 2) in base 5?
2313
Convert -18691 (base 11) to base 7.
-136065
What is 203313 (base 4) in base 16?
8f7
d7d8 (base 15) to base 10
45653
Convert -11011000100 (base 2) to base 4.
-123010
Convert -10123 (base 4) to base 5.
-2113
74 (base 12) to base 5
323
Convert 23310 (base 5) to base 6.
11521
-114675 (base 9) to base 7
-405254
1115a (base 13) to base 11
21324
What is 1bc (base 15) in base 11?
336
5850 (base 9) to base 5
114323
What is 35210 (base 7) in base 9?
13335
1102012 (base 4) to base 12
305a
What is -636 (base 11) in base 12?
-539
-16053 (base 8) to base 2
-1110000101011
What is -21318 (base 9) in base 16?
-371f
What is 120 (base 7) in base 5?
223
What is -65024 (base 7) in base 11?
-11142
-306 (base 15) to base 5
-10211
-667 (base 11) to base 10
-799
Convert -323 (base 6) to base 4.
-1323
What is 567 (base 8) in base 10?
375
What is 712 (base 9) in base 14?
2d4
-5025 (base 6) to base 15
-4d2
Convert 11111101001011 (base 2) to base 13.
74b5
-11c9 (base 14) to base 11
-2384
111434 (base 7) to base 6
231312
11334 (base 5) to base 15
3b4
What is -133031 (base 4) in base 10?
-1997
Convert -1c31 (base 14) to base 4.
-1100103
What is -677 (base 9) in base 2?
-1000101100
Convert 212 (base 7) to base 2.
1101011
-11101011 (base 2) to base 16
-eb
Convert 1a40 (base 12) to base 4.
302100
What is 123 (base 9) in base 12?
86
Convert 33317 (base 8) to base 14.
5183
242 (base 16) to base 10
578
-1ea (base 16) to base 10
-490
Convert 18826 (base 9) to base 13.
5c40
Convert -4130 (base 5) to base 2.
-1000011100
Convert -101635 (base 8) to base 9.
-51186
What is -482c (base 16) in base 10?
-18476
222 (base 9) to base 16
b6
22030 (base 4) to base 15
2d7
What is 167 (base 9) in base 16?
8e
Convert -19b4 (base 15) to base 6.
-41441
What is 1112 (base 7) in base 12?
295
-1bba (base 13) to base 9
-5686
Convert -51dc (base 14) to base 8.
-33436
Convert 183 (base 16) to base 5.
3022
737 (base 11) to base 16
377
Convert 2102 (base 6) to base 5.
3340
75307 (base 9) to base 13
198a6
Convert -1365 (base 7) to base 16.
-219
722 (base 14) to base 5
21102
537 (base 8) to base 13
210
-106222 (base 7) to base 2
-100101000100011
Convert 590 (base 11) to base 4.
23000
What is 556 (base 15) in base 11?
9a7
What is 1240 (base 8) in base 2?
1010100000
Convert -b50 (base 13) to base 15.
-884
-dd9 (base 16) to base 3
-11212022
Convert 11197 (base 10) to base 15.
34b7
Convert 1500 (base 9) to base 4.
101232
Convert d5 (base 14) to base 7.
355
What is -250 (base 12) in base 7?
-1005
What is 50192 (base 10) in base 12?
25068
What is -102344 (base 6) in base 16?
-2098
-13342 (base 8) to base 7
-23036
-828 (base 13) to base 8
-2552
What is -221323 (base 5) in base 10?
-7713
20d (base 16) to base 14
297
Convert 441324 (base 5) to base 13.
6c04
Convert -177 (base 13) to base 8.
-413
What is -177 (base 11) in base 16?
-cd
-2751 (base 13) to base 9
-7660
Convert -33423 (base 10) to base 16.
-828f
What is -147 (base 13) in base 9?
-273
6644 (base 7) to base 2
100101010000
What is -87a0 (base 14) in base 6?
-300344
-ba8 (base 14) to base 4
-210000
What is -1110010111001001 (base 2) in base 5?
-3340300
-32270 (base 9) to base 7
-116202
-6466 (base 8) to base 13
-1702
-31a (base 12) to base 14
-246
-229 (base 15) to base 5
-3424
3 (base 5) to base 13
3
4440 (base